). Let m(j) = 10 - 3*j**2 + 3*j + j**3 - 7 - j. Calculate m(u).
9
Let n(i) be the second derivative of i**7/2520 - i**6/144 + i**5/60 + i**4/6 - 2*i. Let w(f) be the third derivative of n(f). Calculate w(4).
-2
Suppose 5*t + 22 = 4*z, 2*z + 5*t - 11 = 15. Suppose 2*k + 0*m = -m - 3, -2*m = 5*k + z. Let n(q) = 2*q**3 + 3*q**2. Determine n(k).
-4
Suppose -2 - 4 = 2*a. Let c(y) = y**2 + y - 2. Determine c(a).
4
Let k(a) = 2*a**2 + 1. Let h be k(-1). Suppose -3*u - 3*m = -12, u = -0*u - h*m. Let j(c) = -c + 7. Calculate j(u).
1
Let q(m) = -7*m**2 - 5*m + 7. Let j(p) = -10*p**2 - 7*p + 10. Let c(w) = -5*j(w) + 7*q(w). Give c(3).
8
Let g(z) be the first derivative of z**2/2 - 7*z - 19. Give g(5).
-2
Let w(n) = -2*n + 0 - 5 + 4. Let o be (-44)/10 - (-4)/10. Calculate w(o).
7
Let n(r) = -3*r**2 + 8*r - 1. Let p(b) = -4*b**2 + 9*b. Let t(l) = 3*n(l) - 2*p(l). Determine t(5).
2
Let b(j) = j**3 + 9*j**2 - 10*j - 2. Suppose z = -2*z + 4*h - 42, z + 4*h - 2 = 0. Let r be b(z). Let k(a) = 4*a**2 + 2*a - 2. What is k(r)?
10
Let m be 1 + 1 + 0 + 4. Let i(d) = 2*d - 3. Give i(m).
9
Let q(t) = 6*t**3 + 10*t**2 + 2*t + 4. Let k(f) = -5*f**3 - 9*f**2 - 2*f - 3. Let d = 11 - 21. Let b = 3 + d. Let i(u) = b*k(u) - 6*q(u). What is i(3)?
3
Let v(c) = 2*c**3 - 6*c**2 + 6*c + 2. Let l be (2/2)/(5/15). Let m(s) = 5*s**3 - 13*s**2 + 13*s + 4. Let o(x) = l*m(x) - 7*v(x). What is o(-3)?
7
Let q(p) = p**2 - 1. Let o(f) = -4*f**2 - 5*f + 3. Let v(x) = -o(x) - 5*q(x). Give v(6).
-4
Let s(f) = 7*f**3 - 19*f**2 - 11*f - 7. Let t(z) = 3*z**3 - 9*z**2 - 5*z - 3. Let g(y) = 4*s(y) - 9*t(y). Calculate g(-4).
11
Let r(z) = 2*z**2 + 4*z**3 + 10*z**2 - 2 - 14 + 10*z - 3*z**3. Let s be r(-11). Let j(a) = -2*a + 2 - 5*a**2 + 3*a + 4 - a**3. Give j(s).
1
Let t(p) = -p**3 + 4*p**2 - 3*p + 4. Suppose -10 = -c - 2*s, 0 = 4*c + s - 4*s + 15. Suppose 3*k = 5*n - 16, c = 5*k + 3*n - 10 - 20. What is t(k)?
4
Let s(w) = w**2 + 3*w - 2. Let n be s(-4). Let j(i) = 3 - 13*i**2 - 5 + 0 + 14*i**2. Give j(n).
2
Suppose 13*b - 17*b = -20. Let q(k) = -3*k**2 - 2*k + 5. Let o(j) = -5*j**2 - 5*j + 9. Let w(m) = 4*o(m) - 7*q(m). Determine w(b).
-4
Let j(f) = 2*f - 2. Let l be 8/18*12 + (-4)/12. Calculate j(l).
8
Let b(z) = -z + 12. Let f(l) = -l + 8. Suppose 0 = d - 7 - 13. Suppose 4*i - d = -0*i. Let t(k) = i*b(k) - 8*f(k). What is t(4)?
8
Suppose t = -1 + 5. Let h(l) = 2*l**2 - l**2 + 2*l - 1 + l**3 - 5*l**2. Calculate h(t).
7
Suppose -4 = j - 1, 2*s - 9 = 3*j. Let c(w) be the second derivative of -w**4/12 - w**2 - w. Give c(s).
-2
Suppose 35 = 7*h - 2*h. Let l(b) = b**3 - 8*b**2 + 9*b - 7. Let v be l(h). Let z(y) = 5 + v*y - 5. Determine z(-1).
-7
Let y(l) = -l - 2 + 5*l - 3 + 4. Let a(d) = -d**3 + 2*d**2 + 4*d - 1. Let o be a(3). Give y(o).
7
Let t(g) = 2*g**2 - 2*g + 2. Suppose f - 15 = -0*f. Let c = -13 + f. What is t(c)?
6
Let o(d) = d - 8. Let c(b) = -b**2 - 8*b - 2. Let g be c(-7). Give o(g).
-3
Let j(c) be the third derivative of 0*c - 1/30*c**5 + 1/6*c**3 - 3*c**2 + 0 - 1/12*c**4. Calculate j(2).
-11
Let m be ((-5)/(-3) - -1)*3. Let u = 11 - m. Let o(r) = -r**3 - 3*r**2 - r**3 - 1 - r - 2*r**3 + 2*r**u. Give o(-2).
5
Let p(s) be the third derivative of s**4/8 - s**3/3 + 17*s**2. Determine p(3).
7
Let o be 3/(-3)*(3 - 6). Let w(d) = -d**2 + d + 2. Give w(o).
-4
Let s(q) = -q**3 - 5*q**2 - 3*q + 5. Let g(z) = 12*z. Let a be g(-1). Let y be ((-2)/(-2))/(3/a). Determine s(y).
1
Let q(o) = -o**3 - 11*o**2 + 12*o - 4. Let z(f) = f**2 - f + 1. Let m(h) = -q(h) - 6*z(h). Give m(-6).
-2
Let o(z) = z**2 - 6*z + 4. Let u = 24 - 6. Suppose 0*y = -3*y + 3*q + u, -y = q - 2. Calculate o(y).
-4
Suppose 2*l = 3*l. Let z(w) = l - 2 + 1 + w. Give z(-6).
-7
Let p(o) = 3*o + 2 - 1 - 2. Let d = -5 + 3. Let r be (-18)/(-8) + d/8. Calculate p(r).
5
Let f be (4 - 2) + 8/4. Suppose 2*n - 8 = -2*n. Let x(o) = -5 - o**2 + o**3 - n*o**2 - 5*o + o. What is x(f)?
-5
Let y(v) = 6*v - 1. Let w(d) = -d**3 + 9*d**2 - 9*d + 7. Let s be w(8). Calculate y(s).
-7
Let j(m) = -m**3 + 5*m**2 - 7*m + 5. Let n be j(4). Let s(t) = -t**2 - 8*t - 9. What is s(n)?
-2
Let g be -5*-1*3/15. Let z(r) = r - 1. Let w(c) = c. Let l(p) = g*w(p) - 2*z(p). Determine l(2).
0
Suppose -2*x - 8 = -4*x. Let p(h) = h**2 + 2 + 1 + 3 - 2*h - 3*h. Give p(x).
2
Let o(r) = -2 + 12 - r**3 + 26*r**2 - 27*r**2. Let g(c) = c**2 + 4*c + 3. Let k be g(-3). Determine o(k).
10
Let q(f) = -3*f + 7. Let u = -10 + 15. Let o be q(u). Let b(y) = y + 14. Give b(o).
6
Let x(v) be the first derivative of v**5/30 - 5*v**4/24 + v**3/3 - 3*v**2/2 + 2. Let k(t) be the second derivative of x(t). Give k(3).
5
Let d(r) be the first derivative of 0*r**2 - 3 + 4 + 3*r**2. Give d(-2).
-12
Let i(g) = -g**2 - 5*g - 3. Let n be i(-3). Let w(q) = -q**3 + 4*q**2 - 2*q. Determine w(n).
3
Let r(a) = a - 1. Let c(d) = d**3 - 5*d**2 - 11*d + 11. Let q(f) = -c(f) - 2*r(f). Calculate q(6).
9
Let h = -2 + 6. Let k(j) = 116*j + j**3 + 5*j**2 + 6 - 119*j - 2*j**3. Calculate k(h).
10
Let i(f) = -f**2 + 17*f + 133. Let s be i(23). Let l(m) be the second derivative of m**3/6 + 5*m**2 + m. What is l(s)?
5
Let l(n) be the first derivative of -n**4/4 - 7*n**3/3 - 3*n**2 - n - 51. Suppose -32 = 2*v + 4*z, 8*z - 3*z + 55 = -5*v. Determine l(v).
-1
Let u = 44 + -46. Let k(o) = 3*o + 1. Determine k(u).
-5
Let k(o) = o - 7. Let t be k(10). Let f(r) = 3*r + 7. Let a(v) = 2*v + 6. Let y(n) = t*f(n) - 4*a(n). Give y(4).
1
Suppose 12 = 5*h - 3. Let a(b) = -1. Let p(d) = 3*d + 1. Let f(m) = 5*a(m) + p(m). Give f(h).
5
Let t(j) be the third derivative of j**5/60 + j**4/12 - j**3/2 + 10*j**2. Let q be (-2)/(-4)*(-2 - 6). Give t(q).
5
Suppose 0*i + 6 = 3*i. Let n(y) = -1 + 3*y**2 - y - 3*y**i + y**2 + 3*y. Let o(x) = 2*x - 3. Let f be o(2). What is n(f)?
2
Let q(p) be the first derivative of 2*p**3/3 - p + 15. Let v = 6 + -7. Calculate q(v).
1
Let u be -14*(-2)/4 - 2. Let w(y) = 5*y**2 - 9*y + 2. Let n(m) = 11*m**2 - 19*m + 5. Suppose -p + 9 = -0*p. Let b(d) = p*w(d) - 4*n(d). Calculate b(u).
-2
Let s(l) = 67 + 57 - 124 - 4*l. Determine s(4).
-16
Let m(v) = v**2 + 5*v - 2. Let a = 10 + -15. Calculate m(a).
-2
Let y(h) = 4*h + 2. Suppose -3*c = -4*l - 4, 2*c + 3*l - 2 = -5. Suppose c*o = 2*o. Suppose m + 2*m + 6 = o. Determine y(m).
-6
Let a(q) = q**3 - 10*q**2 - 5. Let h be 40/6*27/18. Give a(h).
-5
Let j = -2 + 2. Let x(w) = 0*w**2 - w**3 + w + w**2 + j*w - 2. Suppose -13 = 3*d + y - 3, 0 = 4*d - 4*y - 8. Give x(d).
8
Let t be 2 + -9 + 3/1. Let y = t - -3. Let p(a) = -a. Determine p(y).
1
Suppose -a + 3*a = -4*u - 6, 0 = -3*u - 5*a - 22. Let d(j) = -24*j**2 - 2*j + 1. Give d(u).
-25
Suppose 2*u + 1 + 1 = 0. Let v(t) = -9*t**2 + 0*t**2 - 2*t - 3*t**2 - 1 - t**2. Determine v(u).
-12
Suppose 12 = -5*f + 2*f. Let t(l) = -l**3 - 4*l**2 + 2*l + 2. Give t(f).
-6
Let c(y) = 2*y**3 + 17*y**2 + 6*y - 11. Let f be c(-8). Let k(q) = -q**3 + 4*q**2 + 2*q + 4. Determine k(f).
-11
Let b = -8 + 12. Let j(a) = -b*a + 7*a**2 - 4 + 3 + 3*a. Give j(-1).
7
Suppose -14 = -3*q - 5*h, 20 = 5*q - h + 6*h. Suppose 3*z = q*p, 4*p + 4*z - 1 + 9 = 0. Let u(t) = 7*t**3 - t**2. Calculate u(p).
-8
Let v(o) = -o**2 - 7*o - 1. Let p be v(-7). Let x(g) = -g - 1. Determine x(p).
0
Let p = -11 + 8. Let u(a) be the second derivative of -a**4/12 - 2*a**3/3 + 3*a**2/2 + 2*a. Determine u(p).
6
Suppose 2*j + 5*b - 27 = j, -5*b - 15 = -5*j. Let k = j + -9. Let t(o) = o**3 + 3*o**2 + o - 2. What is t(k)?
0
Let f(h) = h**2 + 6*h + 6. Suppose -2*x = 3 + 1. Let v be ((-10)/4)/(x/12). Suppose -a = 2*a + v. Determine f(a).
1
Let o be -1 - 1 - (1 - 2). Let s = o - -1. Let k(n) be the first derivative of -n**3/3 + n**2/2 + 4*n - 15. Give k(s).
4
Let v = -2 - -2. Suppose -w - 3*w - 20 = v. Let r(f) = 0*f + 3 - 4 - 2*f. Calculate r(w).
9
Let h(f) = -f + 0*f**2 - 1 + 1 + 4*f**2. Let q be h(-1). Let t(r) = 3*r + 2 - 2*r + 1. Give t(q).
8
Let m(u) = -u**2 + 7*u - 2. Let l(d) = -d - 2. Let k be l(-4). Let b = 4 + k. What is m(b)?
4
Let x(k) = -k**2 - 3 + 2*k - 2*k - 2*k. Let t be (-4)/22 - 35/(-11). Suppose -9 = 3*i + t, 4*s + 5*i = -32. Determine x(s).
-6
Let m(u) = -5*u**3 - 10*u**2 + 3*u - 1. Let g(f) = f**3 + f**2 - f - 1. Let t(v) = -6*g(v) - m(v). What is t(5)?
-3
Let z(f) = 5*f + 1. Let a be 112/20 - (-2)/5. Let w = 9 - 13. Let c be w/(-6)*a/(-4). Determine z(c).